
16
29 + -14 - 27 - (-22 + -3)
13
Calculate 0 + (30 - 8) + -6.
16
What is 35 - 54 - (1 - 15)?
-5
1 - ((6 - 26) + 23)
-2
Calculate 3 + (-14 - -3) + -1 + 10.
1
-1 + -4 - (62 + -68)
1
What is the value of (-29 - 17 - -33) + 2 + 1?
-10
Calculate (-8 - 3 - -13) + (-9 - 0).
-7
What is the value of -15 + 17 - 16 - -4?
-10
Calculate -11 + -16 - -31 - (-1 - 6).
11
-9 + (3 - -3) + 8 - 13
-8
Calculate -2 - -3 - -1 - (28 - (38 - 9)).
3
(2 - (3 + 1)) + -6 + -154 + 168
6
What is -35 - (1 + -29 + 6)?
-13
Evaluate 1 - (-12 + 1) - (-123 - -136).
-1
What is the value of 21 - (60 + -8 + -25)?
-6
Calculate 10 + -44 + -5 + 20.
-19
What is the value of -4 + (-28 - -10) + 37?
15
Evaluate -31 - -21 - (-5 + -24).
19
What is 8 + (0 - (-2 + (-4 - -6 - 4)))?
12
Evaluate (3 - (-17 + 25)) + -12 - -13.
-4
What is (2 - (-6 - -6)) + -3?
-1
(-10 - 3 - -10) + 3 + -10
-10
Calculate 6 + (6 - (8 + 12)) - -4 - 6.
-10
Calculate (8 - 8) + -7 + -7.
-14
-3 + 4 + -3 + (3 - (14 + -4))
-9
Calculate -2 + 13 - ((-12 - (-21 - 11)) + -9).
0
-91 + 95 - ((1 - (1 - 2)) + 12)
-10
What is the value of 109 + -106 + 0 + 4?
7
2 + 0 + -4 - (66 - 58)
-10
Calculate -12 - ((29 - 12 - 5) + -7).
-17
14 + -20 - (-2 - 5)
1
7 + -9 + -3 - (9 - 15)
1
What is the value of -52 + (-17 - -39) + 38?
8
What is the value of -47 + 39 + -12 - (-2 - (0 - -5))?
-13
What is 10 - ((7 - 0) + (0 - 0) - 0)?
3
-18 - (-38 - (-37 + 28))
11
What is the value of -1 + 4 - ((-39 - -19) + 13)?
10
-26 + 1 + (7 - (6 - 5))
-19
-4 + (-17 - (2 + (-17 - -5)))
-11
What is 5 - 5 - (6 - 6 - 3) - 1?
2
(735 - 742) + (-22 - -1) + 0 + -1
-29
What is the value of 3 + -6 + (7 + 0 - -13 - 6)?
11
What is the value of -15 - (-13 + -17 - -7)?
8
(-25 - (-30 - -12)) + 17 - -9
19
What is the value of -3 + 7 + (5 - 22)?
-13
Evaluate -20 - ((18 - -12) + -41).
-9
What is 0 + -4 + 5 - (-10 + -9)?
20
What is -11 - ((5 - 2) + -4)?
-10
What is 10 + 6 + (-2 - (2 - -5 - 0))?
7
(-11 - -10) + 4 + (-1 - -5) + -19
-12
Evaluate 17 + (0 + 7 - -1 - (-4 + 11)).
18
What is (2 - -1) + (2 + -16 - (34 + -45))?
0
15 + (-6 - -5 - 4) - 23
-13
2 + -3 - (1 - (-3 + -7))
-12
What is -15 + 3 + 3 - (6 + -32)?
17
What is the value of (-10 - -7) + (1 - (0 + 1 + -2))?
-1
What is the value of (1 - 2 - 1) + (2 + -30 - -32)?
2
-4 + (2 - 9) + (-21 - (-8 + -5))
-19
What is the value of -20 - (-39 - -22 - -9)?
-12
What is the value of 12 - 6 - (-5 + (7 - 0 - 2))?
6
25 + (0 - -2) + -9 - (-3 - -8)
13
3 + -5 + (1 - 2 - -7)
4
What is 1 + 7 + -1 + -33 + 14 + 25?
13
What is the value of -2 + 0 + 0 - (11 - (28 + -14))?
1
What is -1 + -1 + 6 - (9 - 18)?
13
What is 7 - (21 + -11) - (-19 + 1)?
15
What is the value of 8 - ((5 - -11) + -10)?
2
What is 2 - 1 - (5 - 1) - (7 + -17)?
7
What is the value of -6 + (-1 - -7 - (6 - (-6 - -6)))?
-6
-4 - (4 + 6 - 0)
-14
Evaluate -2 - (-1 + 5) - -13.
7
Evaluate 9 + (-18 + 22 - 30).
-17
What is (15 - 20) + (0 - -13) + -4 - 27?
-23
What is the value of -25 + (29 - (-1 - -20))?
-15
What is 13 + -13 + (25 - 12) + -4?
9
46 + 6 + -48 + 1 + 0 + 7
12
-15 - (-10 + -11 + 5)
1
Calculate (-50 - -27) + 7 - -16.
0
Evaluate 1 + -4 + 28 + -13 + -9.
3
What is -3 + (5 - (22 + -30))?
10
Calculate 43 - 2 - (28 + -12).
25
23 + -2 + 22 + -29 + 10
24
Calculate 17 - (-16 - (13 + -27)).
19
4 + 1 + 2 + 3 + -38
-28
(-75 - (18 + -77)) + (0 - (-2 + -3))
-11
What is the value of 0 + (44 - 44) + (3 - 1)?
2
Evaluate -7 + -6 + -3 + 7 + -6.
-15
(-1 - (-18 + 17)) + -7
-7
(-26 - -18) + -6 + 8
-6
What is 10 - (11 - (2 + 3)) - (-3 + 13)?
-6
-56 + 64 - (1 - 0) - -5
12
What is 40 + (-42 - (-43 + 15))?
26
What is (-27 - -13 - -2) + 26?
14
Calculate (-3 - 8) + -15 - 2 - -17.
-11
(-1 - 0 - -2) + 0 - (-6139 - -6131)
9
What is the value of 18 - -1 - (-3 - ((-5 - -3) + -5))?
15
Calculate -2 - ((-3 - -4) + 2 - 5).
0
Evaluate 26 + 2 - (272 - 261) - 35.
-18
What is -4 - ((-16 + 14 - 9) + -2)?
9
-7 + (25 + -14 - 6)
-2
What is the value of -1 + (6 - 4) - -8 - 11?
-2
Evaluate -2 + 4 + -5 + 2 + -22 + 5.
-18
What is the value of -12 - (20 - 15 - (-1 + 6))?
-12
What is the value of -15 - (-1 + 5 + 13 - 34)?
2
Calculate -1 + (-3 - (-5 - (-2 - (-1 - -5)))).
-5
Evaluate (28 - 31) + (-21 - -3) - (3 - 10).
-14
What is 5 - (4 - 27) - 36?
-8
17 + -13 + (3 - 1) + 1 + -10
-3
What is the value of 14 - 29 - (-22 - 0)?
7
Evaluate 158 - 94 - (2 + 26).
36
What is (-28 - 1) + (98 - -7) + -99?
-23
What is (-27 - -1) + -4 + 13?
-17
51 + -8 + -34 + (4 - 1)
12
What is the value of 5 - ((1 - 8) + (45 - 45))?
12
What is the value of 14 + (4 - (3 + -6)) - 2 - -7?
26
What is -35 + (-21 - 20) + 91?
15
5 - (12 - -12 - (-7 + 1 - -1))
-24
What is the value of 105 + -99 + -2 + -15?
-11
What is the value of (-39 - 0) + 14 - (-14 - -5)?
-16
Calculate 13 - (-10 + 9 + 5).
9
Evaluate -60 + (85 - (-1 + 48)).
-22
What is 2 + -1 + (-1 - 5) + -191 + 178?
-18
What is the value of (-2 - -1) + (-5 - (-11 + -10))?
15
Calculate 18 + 2 + (6 - 11) - 5.
10
What is (0 + -3 - (21 + -45)) + -7?
14
What is -8 - (-25 + 4 + 11 + (18 - -2))?
-18
-22 + 2 + 15 - 0
-5
What is the value of (-1 - -14) + (-9 - ((-9 - -1) + -4))?
16
What is (15 + -5 - 5) + -2 + 4?
7
11 - ((4 - 14) + -2 - -12)
11
Calculate 41 + -58 - (0 + 2 + -6).
-13
Calculate -7 + -2 + 2 + -167 + 171 + 15.
12
11 + 13 + -46 - -15
-7
What is (-7 - -13) + (-23 - -4 - -3) - -5?
-5
What is the value of -3 - -12 - (-12 + 6)?
15
-22 + -7 + (-3 - -25)
-7
Calculate 1 + 9 + 121 + -118.
13
What is the value of 28 + -51 - (4 - 51)?
24
Calculate 1 + (-2 - 11 - -5) + -3.
-10
Evaluate -17 + (1 - -3 - 1 - (-1790 - -1788)).
-12
11 - (-3 + (-9 - -25))
-2
What is the value of (1 - -3) + 4 + (5 - 11) + 1?
3
Calculate (10 - -7) + -101 + 60.
-24
What is 2 + -12 + ((-4 - -3) + 11 - 18)?
-18
What is the value of 29 - (-24 + (30 - -18))?
5
What is -16 - -10 - (-26 - 6 - -13)?
13
Calculate -34 + 50 + (22 - 24) + (7 - -1).
22
What is the value of -15 + 11 + 17 - 25?
-12
Evaluate (-21 + 33 - -21) + -57.
-24
Calculate 22 + 8 - 4 - 17.
9
What is the value of 2 - (-3 - 0) - (638 + -597)?
-36
Evaluate -2 + (5 - (12 - 15) - (-1 - -1)).
6
25 - (-24 + 23 + 31)
-5
Calculate (10 - (3 - (-1 - 0))) + (50 - 60).
-4
What is the value of -10 + (-16 + 2 - -18) + (-1 - 1)?
-8
What is the value of 1 - 2 - (-23 - 19) - 15?
26
Calculate -11 + 24 + -14 + -21.
-22
What is 11 + (-15 - -18) + (-2 - -1) + 2?
15
Evaluate 4 + -18 + (-4 + 13 - 7).
-12
What is 22 + (-62 + 6 - -26)?
-8
Evaluate 13 + (-5 - (-5 - -4) - -17).
26
Calculate 6 - (9 - (3 + (4 - -6))).
10
What is the value of -125 - -70 - -39 - (6 + -1)?
-21
What is the value of (-13 + -6 + 3 + 0 - -5) + 6?
-5
What is (-1 - (12 + 1)) + 31 + (-71 - -39)?
-15
What is the value of -5 - ((-17 - -24) + -3 + -1)?
-8
Evaluate 17 + 2 + -42 + 9.
-14
What is (-2 - -3) + (-17 - -7) + (-2 - -6)?
-5
Evaluate (23 + -13 - 16) + 17 + 1 + 0.
12
What is 2 + (1 - (-9 + (13 - -2) + 3))?
-6
Evaluate 23 - (-3 - (14 - 31)).
9
Calculate -18 - (14 - 3) - -13.
-16
What is the value of 3 + (14 - (-5 + (6 - (1 - 6))))?
11
What is the value of -6 + -1 + (-105 - -74) + 16?
-22
Calculate (-4 - -2) + (-8 - -8 - 1) + 8.
5
What is the value of -22 + 30 + 0 + -1 + -2 + 4?
9
18 - (14 + 4 + -8)
8
What is the value of 13 + (6 - 19 - 5) + -12 + 0?
-17
Calculate -6 + (-23 - 30 - -35).
-24
Calculate 0 - 13 - (-5 + 11 - (0 - -8)).
-11
Calculate -13 - (-5 + 16 + -18).
-6
-18 - 18 - -37 - (0 - 6 - -1)
6
Evaluate 15 - -16 - (24 - -24).
-17
Calculate -14 + -2 + 6 - -9.
-1
9 + -16 + (7 + -5 - 5)
-10
What is (-18 - 20) + 61 + -43?
-20
What is the value of (-33 + 23 - 4) + 25?
11
-4 - (16 - 27) - (-3 - -1)
9
What is the value of (-30 - (-71 + 30)) + 12?
23
What is -17 + -3 - (94 + -90) - 9?
-33
Calculate 7 - (30 + -16 + -16 + 0 + -9).
18
Calculate -19 + -1 + -607 + 659.
32
Evaluate (4 + -2 - (-5 + 3)) + (-84 - -77).
-3
What is -51 - ((-3 - 1) + -38)?
-9
What is the value of (6 - (1 - 1)) + (-3 - 11 - -14)?
6
-67 + 86 + (2 - 0 - 12)
9
Evaluate (15 - (8 + -3)) + (17 - 3).
24
Calculate 17 + -3 + (-2 - (5 - 1)) - 2.
6
22 + -21 + -4 + (-5 - -2)
-6
Calculate -232 + 231 - (-2 + 2).
-1
What is the value of (17 - 34) + 27 + -18?
-8
What is the value of (5 - 0) + -78 + 65?
-8
(-1 - 1) + -173 + 185 + (0 - -4)
14
Calculate -19 + 0 + -4 + 6 - -6.
-11
Calculate 6 + (1 - (-16 + 6) - 4).
13
-1 + -66 + 388 + -344
-23
Evaluate (-3 - -2 - (3 - 8)) + 1 + -7.
-2
Calculate 